{"id":164,"date":"2025-10-10T09:38:03","date_gmt":"2025-10-10T07:38:03","guid":{"rendered":"https:\/\/naimen.shop\/?post_type=product&#038;p=164"},"modified":"2025-11-24T23:59:01","modified_gmt":"2025-11-24T22:59:01","slug":"sous-p","status":"publish","type":"product","link":"https:\/\/naimen.shop\/index.php\/produit\/sous-p\/","title":{"rendered":"Dessous de plat"},"content":{"rendered":"<p>Base en li\u00e8ge et motif 3D en coton<\/p>\n<div>Important :<\/div>\n<div>&#8211; Si le produit est en stock, il sera exp\u00e9di\u00e9 d\u00e8s que possible.<\/div>\n<div>&#8211; S&rsquo;il n&rsquo;est pas en stock, je le confectionnerai pour vous. Les d\u00e9lais varieront en fonction des commandes, mais ne d\u00e9passeront jamais 5 jours ouvrables.<\/div>\n<div>&#8211; Si l&rsquo;achat n&rsquo;est pas possible, cela signifie que nous ne disposons pas du mat\u00e9riel n\u00e9cessaire ou que le tissu n&rsquo;est plus disponible.<\/div>\n","protected":false},"excerpt":{"rendered":"<p>Prot\u00e8ge tables et nappes des vilaines traces de chaleur<\/p>\n","protected":false},"featured_media":120,"comment_status":"open","ping_status":"closed","template":"","meta":[],"product_brand":[],"product_cat":[27],"product_tag":[],"class_list":{"0":"post-164","1":"product","2":"type-product","3":"status-publish","4":"has-post-thumbnail","6":"product_cat-maison","8":"first","9":"instock","10":"shipping-taxable","11":"purchasable","12":"product-type-variable"},"_links":{"self":[{"href":"https:\/\/naimen.shop\/index.php\/wp-json\/wp\/v2\/product\/164","targetHints":{"allow":["GET"]}}],"collection":[{"href":"https:\/\/naimen.shop\/index.php\/wp-json\/wp\/v2\/product"}],"about":[{"href":"https:\/\/naimen.shop\/index.php\/wp-json\/wp\/v2\/types\/product"}],"replies":[{"embeddable":true,"href":"https:\/\/naimen.shop\/index.php\/wp-json\/wp\/v2\/comments?post=164"}],"wp:featuredmedia":[{"embeddable":true,"href":"https:\/\/naimen.shop\/index.php\/wp-json\/wp\/v2\/media\/120"}],"wp:attachment":[{"href":"https:\/\/naimen.shop\/index.php\/wp-json\/wp\/v2\/media?parent=164"}],"wp:term":[{"taxonomy":"product_brand","embeddable":true,"href":"https:\/\/naimen.shop\/index.php\/wp-json\/wp\/v2\/product_brand?post=164"},{"taxonomy":"product_cat","embeddable":true,"href":"https:\/\/naimen.shop\/index.php\/wp-json\/wp\/v2\/product_cat?post=164"},{"taxonomy":"product_tag","embeddable":true,"href":"https:\/\/naimen.shop\/index.php\/wp-json\/wp\/v2\/product_tag?post=164"}],"curies":[{"name":"wp","href":"https:\/\/api.w.org\/{rel}","templated":true}]}}