{"id":43,"date":"2025-10-08T10:18:04","date_gmt":"2025-10-08T08:18:04","guid":{"rendered":"https:\/\/naimen.shop\/?post_type=product&#038;p=43"},"modified":"2025-11-25T00:04:32","modified_gmt":"2025-11-24T23:04:32","slug":"trousse-amelie","status":"publish","type":"product","link":"https:\/\/naimen.shop\/index.php\/produit\/trousse-amelie\/","title":{"rendered":"Trousse Am\u00e9lie"},"content":{"rendered":"<p>Trousse Am\u00e9lie<\/p>\n<ul>\n<li>Precio<\/li>\n<li>Descripci\u00f3n y medidas<\/li>\n<\/ul>\n<p>Nos produits sont fabriqu\u00e9s \u00e0 la main.<\/p>\n<ul>\n<li>S&rsquo;ils apparaissent en stock, cela signifie qu&rsquo;ils sont d\u00e9j\u00e0 fabriqu\u00e9s. Ils seront exp\u00e9di\u00e9s imm\u00e9diatement.<\/li>\n<li>S&rsquo;ils sont en r\u00e9approvisionnement, cela signifie qu&rsquo;il n&rsquo;y en a plus en stock, mais que j&rsquo;ai le mat\u00e9riel n\u00e9cessaire pour en fabriquer d&rsquo;autres et que je m&rsquo;y mettrai d\u00e8s que vous les aurez achet\u00e9s (si vous souhaitez conna\u00eetre le d\u00e9lai exact, veuillez nous contacter).<\/li>\n<li>Si vous ne pouvez pas les acheter alors qu&rsquo;ils sont en rupture de stock, c&rsquo;est parce que le tissu n&rsquo;est plus disponible et qu&rsquo;il n&rsquo;est plus possible d&rsquo;en fabriquer d&rsquo;autres.<\/li>\n<\/ul>\n<p>&nbsp;<\/p>\n","protected":false},"excerpt":{"rendered":"<p>Trousse Am\u00e9lie Precio Descripci\u00f3n y medidas Nos produits sont fabriqu\u00e9s \u00e0 la main. S&rsquo;ils apparaissent en stock, cela signifie qu&rsquo;ils sont d\u00e9j\u00e0 fabriqu\u00e9s. Ils seront exp\u00e9di\u00e9s imm\u00e9diatement. S&rsquo;ils sont en r\u00e9approvisionnement, cela signifie qu&rsquo;il n&rsquo;y en a plus en stock, mais que j&rsquo;ai le mat\u00e9riel n\u00e9cessaire pour en fabriquer d&rsquo;autres et que je m&rsquo;y mettrai [&hellip;]<\/p>\n","protected":false},"featured_media":44,"comment_status":"open","ping_status":"closed","template":"","meta":[],"product_brand":[],"product_cat":[21],"product_tag":[],"class_list":{"0":"post-43","1":"product","2":"type-product","3":"status-publish","4":"has-post-thumbnail","6":"product_cat-adulte","8":"first","9":"instock","10":"shipping-taxable","11":"purchasable","12":"product-type-variable"},"_links":{"self":[{"href":"https:\/\/naimen.shop\/index.php\/wp-json\/wp\/v2\/product\/43","targetHints":{"allow":["GET"]}}],"collection":[{"href":"https:\/\/naimen.shop\/index.php\/wp-json\/wp\/v2\/product"}],"about":[{"href":"https:\/\/naimen.shop\/index.php\/wp-json\/wp\/v2\/types\/product"}],"replies":[{"embeddable":true,"href":"https:\/\/naimen.shop\/index.php\/wp-json\/wp\/v2\/comments?post=43"}],"wp:featuredmedia":[{"embeddable":true,"href":"https:\/\/naimen.shop\/index.php\/wp-json\/wp\/v2\/media\/44"}],"wp:attachment":[{"href":"https:\/\/naimen.shop\/index.php\/wp-json\/wp\/v2\/media?parent=43"}],"wp:term":[{"taxonomy":"product_brand","embeddable":true,"href":"https:\/\/naimen.shop\/index.php\/wp-json\/wp\/v2\/product_brand?post=43"},{"taxonomy":"product_cat","embeddable":true,"href":"https:\/\/naimen.shop\/index.php\/wp-json\/wp\/v2\/product_cat?post=43"},{"taxonomy":"product_tag","embeddable":true,"href":"https:\/\/naimen.shop\/index.php\/wp-json\/wp\/v2\/product_tag?post=43"}],"curies":[{"name":"wp","href":"https:\/\/api.w.org\/{rel}","templated":true}]}}